{"id":2,"date":"2018-12-03T20:08:06","date_gmt":"2018-12-03T20:08:06","guid":{"rendered":"http:\/\/hotelboteroplaza.com\/?page_id=2"},"modified":"2025-11-18T04:05:47","modified_gmt":"2025-11-18T04:05:47","slug":"sample-page","status":"publish","type":"page","link":"https:\/\/www.hotelboteroplaza.com\/","title":{"rendered":"Hotel Botero Plaza"},"content":{"rendered":"<p>Compara <strong><a href=\"https:\/\/sendahotels.com\/es\/hoteles\/\"><span style=\"color: #000080;\">Hoteles Parque Tyarona<\/span>\u00a0<\/a><\/strong>y Ahorra. \u00a1Encuentra Aqu\u00ed Tu Hotel Ideal! Descubre Nuestras Ofertas. R\u00e1pido, F\u00e1cil y Seguro. Ahorra Mucho con Nosotros. Compara Precios Gratis.<\/p>\n<p><iframe loading=\"lazy\" title=\"HOTEL RIO PIEDRAS JERICO\" width=\"840\" height=\"630\" src=\"https:\/\/www.youtube.com\/embed\/9kIDGOCCSS4?feature=oembed\" frameborder=\"0\" allow=\"accelerometer; autoplay; clipboard-write; encrypted-media; gyroscope; picture-in-picture; web-share\" referrerpolicy=\"strict-origin-when-cross-origin\" allowfullscreen><\/iframe><\/p>\n<p style=\"text-align: center;\"><strong>Reserve en Hoteles Geniales Ahora Mismo! Disfrute su Viaje\u00a0<\/strong><\/p>\n<p>Reserva\u00a0<a href=\"https:\/\/www.ambarhotelboutique.com\/\"><strong><span style=\"color: #000080;\">Hoteles Cali Sur<\/span><\/strong><\/a>. Precios \u00f3ptimos. Pague en el hotel. Sin cargos de gesti\u00f3n. Hoteles Baratos en Cali. Ahorra un 10% con Jacom. Confirmaci\u00f3n inmediata. Mejor precio garantizado. Lee opiniones reales. Reserva segura.<\/p>\n<p>Justo en medio de los nuevos centros financieros y comerciales de Cali, en uno de los edificios m\u00e1s hist\u00f3ricos y tradicionales de la ciudad, se encuentra el <span style=\"font-weight: 400;\">hoteles al norte de cali<\/span>. Este hotel boutique, que se ha establecido como uno de los mejores de Sudam\u00e9rica, garantiza una estad\u00eda extraordinaria tanto para viajeros de negocios como de placer gracias en parte a su moderna infraestructura y servicio personalizado.<\/p>\n<p><span class=\"gdlr-core-icon-list-caption\"><a href=\"https:\/\/costaricashuttle.com\/private-transportation-costa-rica\/\"><span style=\"color: #000080;\"><strong>Private Transportation Costa Rica<\/strong><\/span><strong>\u00a0<\/strong><\/a> <\/span>Descubre el servicio m\u00e1s confiable de <strong data-start=\"326\" data-end=\"362\">transporte privado en Costa Rica<\/strong> con Costa Rica Shuttle. Ya sea que llegues al aeropuerto, te dirijas a un resort en la playa o explores la selva tropical, nuestros traslados privados te ofrecen comodidad, seguridad y total tranquilidad.<\/p>\n<p><img decoding=\"async\" src=\"https:\/\/jacamartours.com\/wp-content\/uploads\/2021\/10\/Jacmar-Tours-Costa-Rica-05.jpg\" alt=\"Private Shuttle - Jacamar Naturalist Tours\" \/><\/p>\n<p data-start=\"569\" data-end=\"810\">Con m\u00e1s de 20 a\u00f1os de experiencia, en Costa Rica Shuttle te brindamos un servicio puerta a puerta con conductores profesionales y veh\u00edculos modernos. Te llevamos a donde necesites, en el horario que elijas, sin esperas ni viajes compartidos.<\/p>\n<p data-start=\"812\" data-end=\"1026\">Disfruta de un <strong data-start=\"827\" data-end=\"863\">transporte privado en Costa Rica<\/strong> adaptado a tus planes, con la flexibilidad y conveniencia que mereces. Ya sea en familia, solo o en grupo, cada trayecto ser\u00e1 c\u00f3modo, personalizado e inolvidable.<\/p>\n<p data-start=\"1028\" data-end=\"1154\">Reserva ahora y descubre por qu\u00e9 miles de viajeros conf\u00edan en Costa Rica Shuttle para su <strong data-start=\"1117\" data-end=\"1153\">transporte privado en Costa Rica<\/strong>.<\/p>\n<p><strong>Jeric\u00f3<\/strong> es un municipio de Colombia, situado en el suroeste del departamento de<strong> Antioquia<\/strong>. Limita por el norte con los municipios de Tarso y Fredonia, por el este con los municipios de Fredonia y T\u00e1mesis, al el sur con los municipios de T\u00e1mesis, Jard\u00edn y Andes y al oeste con los municipios de Andes y Pueblorrico.<\/p>\n<p><iframe loading=\"lazy\" title=\"El Despertar Hotel Boutique Spa Jerico - Jeric\u00f3 - Colombia\" width=\"840\" height=\"630\" src=\"https:\/\/www.youtube.com\/embed\/N4wNuo3Y9M0?feature=oembed\" frameborder=\"0\" allow=\"accelerometer; autoplay; clipboard-write; encrypted-media; gyroscope; picture-in-picture; web-share\" referrerpolicy=\"strict-origin-when-cross-origin\" allowfullscreen><\/iframe><\/p>\n<p>Los Mejores Hoteles y Precios en Jerico. Recibe Noches de Hotel Extra. Gu\u00edas de viaje. Ofertas exclusivas. Sin tarifa de cancelaci\u00f3n. Precio garantizado. Hoteles econ\u00f3micos. Fotos y opiniones. Show los fines de semana con el <span style=\"color: #000080;\"><a style=\"color: #000080;\" href=\"https:\/\/www.mariachiarrierosmedellin.com\">Mariachi Arrieros Medellin<\/a><\/span><\/p>\n<p><strong>Alojamientos en el Parque Tayrona recomendados:<\/strong><\/p>\n<p>El <strong>Parque Nacional Natural Tayrona<\/strong>, ubicado en la costa caribe\u00f1a de Colombia, es un para\u00edso de biodiversidad y paisajes impresionantes. En medio de su exuberante selva tropical y playas de arena blanca, se encuentran algunos de los hoteles de lujo m\u00e1s exclusivos del pa\u00eds, que ofrecen a sus hu\u00e9spedes una experiencia inigualable de confort y conexi\u00f3n con la naturaleza.<br \/>\nSendals: La joya de la hospitalidad en el Tayrona<\/p>\n<p><span style=\"color: #000080;\"><a style=\"color: #000080;\" href=\"http:\/\/www.parquetayrona.com\/es\/\">Hotel Parque Tayrona<\/a><\/span>: Blog Viajero que congrega los principales Hoteles de este Parque.<\/p>\n<figure id=\"attachment_15\" aria-describedby=\"caption-attachment-15\" style=\"width: 300px\" class=\"wp-caption alignright\"><img loading=\"lazy\" decoding=\"async\" class=\"wp-image-15 size-medium\" src=\"http:\/\/www.hotelboteroplaza.com\/wp-content\/uploads\/2024\/05\/41-300x171.jpeg\" alt=\"Hotel Parque Tayrona\" width=\"300\" height=\"171\" \/><figcaption id=\"caption-attachment-15\" class=\"wp-caption-text\">Hotel Parque Tayrona<\/figcaption><\/figure>\n<p>La <strong>cadena hotelera Sendals<\/strong> es sin\u00f3nimo de lujo y servicio excepcional, y sus propiedades en el Parque Tayrona no son la excepci\u00f3n. Cada hotel de Sendals en esta regi\u00f3n ha sido dise\u00f1ado para integrarse armoniosamente con el entorno natural, respetando la flora y fauna local mientras proporciona todas las comodidades modernas que los viajeros de alta gama esperan.<br \/>\nSendals Tayrona Beach Resort<\/p>\n<p>El <strong>Sendals Tayrona Beach Resort<\/strong> es un refugio exclusivo que se extiende a lo largo de una playa privada, ofreciendo vistas panor\u00e1micas del Mar Caribe. Sus villas y suites, dise\u00f1adas con un enfoque eco-friendly, combinan materiales locales y arquitectura moderna para crear espacios que son tan elegantes como acogedores. Las habitaciones est\u00e1n equipadas con terrazas privadas, piscinas de inmersi\u00f3n y acceso directo a la playa, permitiendo a los hu\u00e9spedes sumergirse en la tranquilidad del entorno.<\/p>\n<p><iframe loading=\"lazy\" title=\"Senda Watapuy - SENDA Hotels\" width=\"840\" height=\"473\" src=\"https:\/\/www.youtube.com\/embed\/Vr2z-de2vvw?feature=oembed\" frameborder=\"0\" allow=\"accelerometer; autoplay; clipboard-write; encrypted-media; gyroscope; picture-in-picture; web-share\" referrerpolicy=\"strict-origin-when-cross-origin\" allowfullscreen><\/iframe><\/p>\n<p><span style=\"color: #000080;\">Parque Tayrona Hoteles<\/span>: Conoce las mejores opciones de alojamiento en el Parque Tayrona<\/p>\n","protected":false},"excerpt":{"rendered":"<p>Compara Hoteles Parque Tyarona\u00a0y Ahorra. \u00a1Encuentra Aqu\u00ed Tu Hotel Ideal! Descubre Nuestras Ofertas. R\u00e1pido, F\u00e1cil y Seguro. Ahorra Mucho con Nosotros. Compara Precios Gratis. Reserve en Hoteles Geniales Ahora Mismo! Disfrute su Viaje\u00a0 Reserva\u00a0Hoteles Cali Sur. Precios \u00f3ptimos. Pague en el hotel. Sin cargos de gesti\u00f3n. Hoteles Baratos en Cali. Ahorra un 10% con Jacom. &hellip; <a href=\"https:\/\/www.hotelboteroplaza.com\/\" class=\"more-link\">Seguir leyendo<span class=\"screen-reader-text\"> &#8220;Hotel Botero Plaza&#8221;<\/span><\/a><\/p>\n","protected":false},"author":1,"featured_media":0,"parent":0,"menu_order":0,"comment_status":"closed","ping_status":"open","template":"","meta":{"footnotes":""},"class_list":["post-2","page","type-page","status-publish","hentry"],"yoast_head":"<!-- This site is optimized with the Yoast SEO plugin v26.3 - https:\/\/yoast.com\/wordpress\/plugins\/seo\/ -->\n<title>Hotel Botero Plaza -<\/title>\n<meta name=\"description\" content=\"Es un hotel boutique moderno que combina tradici\u00f3n arquitect\u00f3nica con comodidades contempor\u00e1neas. Ideal tanto para viajeros de negocios como de placer\" \/>\n<meta name=\"robots\" content=\"index, follow, max-snippet:-1, max-image-preview:large, max-video-preview:-1\" \/>\n<link rel=\"canonical\" href=\"https:\/\/www.hotelboteroplaza.com\/\" \/>\n<meta property=\"og:locale\" content=\"es_ES\" \/>\n<meta property=\"og:type\" content=\"article\" \/>\n<meta property=\"og:title\" content=\"Hotel Botero Plaza -\" \/>\n<meta property=\"og:description\" content=\"Es un hotel boutique moderno que combina tradici\u00f3n arquitect\u00f3nica con comodidades contempor\u00e1neas. Ideal tanto para viajeros de negocios como de placer\" \/>\n<meta property=\"og:url\" content=\"https:\/\/www.hotelboteroplaza.com\/\" \/>\n<meta property=\"article:modified_time\" content=\"2025-11-18T04:05:47+00:00\" \/>\n<meta property=\"og:image\" content=\"https:\/\/jacamartours.com\/wp-content\/uploads\/2021\/10\/Jacmar-Tours-Costa-Rica-05.jpg\" \/>\n<meta name=\"twitter:card\" content=\"summary_large_image\" \/>\n<meta name=\"twitter:label1\" content=\"Tiempo de lectura\" \/>\n\t<meta name=\"twitter:data1\" content=\"4 minutos\" \/>\n<script type=\"application\/ld+json\" class=\"yoast-schema-graph\">{\"@context\":\"https:\/\/schema.org\",\"@graph\":[{\"@type\":\"WebPage\",\"@id\":\"https:\/\/www.hotelboteroplaza.com\/\",\"url\":\"https:\/\/www.hotelboteroplaza.com\/\",\"name\":\"Hotel Botero Plaza -\",\"isPartOf\":{\"@id\":\"https:\/\/www.hotelboteroplaza.com\/#website\"},\"primaryImageOfPage\":{\"@id\":\"https:\/\/www.hotelboteroplaza.com\/#primaryimage\"},\"image\":{\"@id\":\"https:\/\/www.hotelboteroplaza.com\/#primaryimage\"},\"thumbnailUrl\":\"https:\/\/jacamartours.com\/wp-content\/uploads\/2021\/10\/Jacmar-Tours-Costa-Rica-05.jpg\",\"datePublished\":\"2018-12-03T20:08:06+00:00\",\"dateModified\":\"2025-11-18T04:05:47+00:00\",\"description\":\"Es un hotel boutique moderno que combina tradici\u00f3n arquitect\u00f3nica con comodidades contempor\u00e1neas. Ideal tanto para viajeros de negocios como de placer\",\"breadcrumb\":{\"@id\":\"https:\/\/www.hotelboteroplaza.com\/#breadcrumb\"},\"inLanguage\":\"es-CO\",\"potentialAction\":[{\"@type\":\"ReadAction\",\"target\":[\"https:\/\/www.hotelboteroplaza.com\/\"]}]},{\"@type\":\"ImageObject\",\"inLanguage\":\"es-CO\",\"@id\":\"https:\/\/www.hotelboteroplaza.com\/#primaryimage\",\"url\":\"https:\/\/jacamartours.com\/wp-content\/uploads\/2021\/10\/Jacmar-Tours-Costa-Rica-05.jpg\",\"contentUrl\":\"https:\/\/jacamartours.com\/wp-content\/uploads\/2021\/10\/Jacmar-Tours-Costa-Rica-05.jpg\"},{\"@type\":\"BreadcrumbList\",\"@id\":\"https:\/\/www.hotelboteroplaza.com\/#breadcrumb\",\"itemListElement\":[{\"@type\":\"ListItem\",\"position\":1,\"name\":\"Inicio\",\"item\":\"https:\/\/www.hotelboteroplaza.com\/\"},{\"@type\":\"ListItem\",\"position\":2,\"name\":\"Hotel Botero Plaza\"}]},{\"@type\":\"WebSite\",\"@id\":\"https:\/\/www.hotelboteroplaza.com\/#website\",\"url\":\"https:\/\/www.hotelboteroplaza.com\/\",\"name\":\"\",\"description\":\"\",\"potentialAction\":[{\"@type\":\"SearchAction\",\"target\":{\"@type\":\"EntryPoint\",\"urlTemplate\":\"https:\/\/www.hotelboteroplaza.com\/?s={search_term_string}\"},\"query-input\":{\"@type\":\"PropertyValueSpecification\",\"valueRequired\":true,\"valueName\":\"search_term_string\"}}],\"inLanguage\":\"es-CO\"}]}<\/script>\n<!-- \/ Yoast SEO plugin. -->","yoast_head_json":{"title":"Hotel Botero Plaza -","description":"Es un hotel boutique moderno que combina tradici\u00f3n arquitect\u00f3nica con comodidades contempor\u00e1neas. Ideal tanto para viajeros de negocios como de placer","robots":{"index":"index","follow":"follow","max-snippet":"max-snippet:-1","max-image-preview":"max-image-preview:large","max-video-preview":"max-video-preview:-1"},"canonical":"https:\/\/www.hotelboteroplaza.com\/","og_locale":"es_ES","og_type":"article","og_title":"Hotel Botero Plaza -","og_description":"Es un hotel boutique moderno que combina tradici\u00f3n arquitect\u00f3nica con comodidades contempor\u00e1neas. Ideal tanto para viajeros de negocios como de placer","og_url":"https:\/\/www.hotelboteroplaza.com\/","article_modified_time":"2025-11-18T04:05:47+00:00","og_image":[{"url":"https:\/\/jacamartours.com\/wp-content\/uploads\/2021\/10\/Jacmar-Tours-Costa-Rica-05.jpg","type":"","width":"","height":""}],"twitter_card":"summary_large_image","twitter_misc":{"Tiempo de lectura":"4 minutos"},"schema":{"@context":"https:\/\/schema.org","@graph":[{"@type":"WebPage","@id":"https:\/\/www.hotelboteroplaza.com\/","url":"https:\/\/www.hotelboteroplaza.com\/","name":"Hotel Botero Plaza -","isPartOf":{"@id":"https:\/\/www.hotelboteroplaza.com\/#website"},"primaryImageOfPage":{"@id":"https:\/\/www.hotelboteroplaza.com\/#primaryimage"},"image":{"@id":"https:\/\/www.hotelboteroplaza.com\/#primaryimage"},"thumbnailUrl":"https:\/\/jacamartours.com\/wp-content\/uploads\/2021\/10\/Jacmar-Tours-Costa-Rica-05.jpg","datePublished":"2018-12-03T20:08:06+00:00","dateModified":"2025-11-18T04:05:47+00:00","description":"Es un hotel boutique moderno que combina tradici\u00f3n arquitect\u00f3nica con comodidades contempor\u00e1neas. Ideal tanto para viajeros de negocios como de placer","breadcrumb":{"@id":"https:\/\/www.hotelboteroplaza.com\/#breadcrumb"},"inLanguage":"es-CO","potentialAction":[{"@type":"ReadAction","target":["https:\/\/www.hotelboteroplaza.com\/"]}]},{"@type":"ImageObject","inLanguage":"es-CO","@id":"https:\/\/www.hotelboteroplaza.com\/#primaryimage","url":"https:\/\/jacamartours.com\/wp-content\/uploads\/2021\/10\/Jacmar-Tours-Costa-Rica-05.jpg","contentUrl":"https:\/\/jacamartours.com\/wp-content\/uploads\/2021\/10\/Jacmar-Tours-Costa-Rica-05.jpg"},{"@type":"BreadcrumbList","@id":"https:\/\/www.hotelboteroplaza.com\/#breadcrumb","itemListElement":[{"@type":"ListItem","position":1,"name":"Inicio","item":"https:\/\/www.hotelboteroplaza.com\/"},{"@type":"ListItem","position":2,"name":"Hotel Botero Plaza"}]},{"@type":"WebSite","@id":"https:\/\/www.hotelboteroplaza.com\/#website","url":"https:\/\/www.hotelboteroplaza.com\/","name":"","description":"","potentialAction":[{"@type":"SearchAction","target":{"@type":"EntryPoint","urlTemplate":"https:\/\/www.hotelboteroplaza.com\/?s={search_term_string}"},"query-input":{"@type":"PropertyValueSpecification","valueRequired":true,"valueName":"search_term_string"}}],"inLanguage":"es-CO"}]}},"_links":{"self":[{"href":"https:\/\/www.hotelboteroplaza.com\/index.php\/wp-json\/wp\/v2\/pages\/2","targetHints":{"allow":["GET"]}}],"collection":[{"href":"https:\/\/www.hotelboteroplaza.com\/index.php\/wp-json\/wp\/v2\/pages"}],"about":[{"href":"https:\/\/www.hotelboteroplaza.com\/index.php\/wp-json\/wp\/v2\/types\/page"}],"author":[{"embeddable":true,"href":"https:\/\/www.hotelboteroplaza.com\/index.php\/wp-json\/wp\/v2\/users\/1"}],"replies":[{"embeddable":true,"href":"https:\/\/www.hotelboteroplaza.com\/index.php\/wp-json\/wp\/v2\/comments?post=2"}],"version-history":[{"count":15,"href":"https:\/\/www.hotelboteroplaza.com\/index.php\/wp-json\/wp\/v2\/pages\/2\/revisions"}],"predecessor-version":[{"id":23,"href":"https:\/\/www.hotelboteroplaza.com\/index.php\/wp-json\/wp\/v2\/pages\/2\/revisions\/23"}],"wp:attachment":[{"href":"https:\/\/www.hotelboteroplaza.com\/index.php\/wp-json\/wp\/v2\/media?parent=2"}],"curies":[{"name":"wp","href":"https:\/\/api.w.org\/{rel}","templated":true}]}}